
2
Suppose -4*k - d + 43 = 0, -4*k + 42 = -3*d + 5*d. Suppose -3*p - k = i, -5*p - 7 - 14 = 3*i. Let t = i + 3. What is the units digit of t?
1
Let y(a) = a**2 + 6*a + 5. Let w(l) = -l**3 - 6*l**2 + 9*l + 9. Let u be w(-7). Let t be y(u). Suppose -3*g + 45 + t = 0. What is the tens digit of g?
1
Let u = -23 - -25. What is the units digit of u?
2
Suppose 3*d - 15 = -12. What is the units digit of d?
1
What is the tens digit of 0 + (1 - 0) + (-348)/(-6)?
5
Let d be 2 + 1 + (5 - 2). Let r = 1 + d. What is the units digit of r?
7
Suppose 3*o + 3*v = 5*v + 90, 0 = -2*o - 3*v + 73. What is the units digit of o?
2
What is the units digit of -1*(-162)/2 - (0 + 0)?
1
Let z be (-2)/(-5)*(8 + 2). Let s be (1 - (-1 - 0)) + -4. Let b = z + s. What is the units digit of b?
2
Let n(i) = i**2 + 4*i - 1. Let v be n(-5). Suppose f - 55 = -v*f. What is the units digit of f?
1
Suppose p - 150 = -j, -j + 3*p - 6*p + 160 = 0. What is the units digit of j?
5
Suppose -f + 4 = -95. What is the tens digit of f?
9
What is the tens digit of ((-4)/(-5))/((-3)/(-255))?
6
Let d = 3 + 1. Let u be 1 + (1 - (-2)/(-1)). Suppose w + 5*b + 20 = u, 0 = -7*w + 3*w + d*b + 40. What is the units digit of w?
5
Let f(h) be the second derivative of h**5/20 + 11*h**4/12 + 3*h**3/2 - 3*h**2 - 2*h. Let p = 14 + -24. What is the units digit of f(p)?
4
Let r(d) = d**2 - 5*d + 6. Let q = 26 - 18. What is the tens digit of r(q)?
3
Let a be 0/(-2) - -1 - 2. Let j(k) = -1 + k - 2 + 5. What is the units digit of j(a)?
1
Let b(g) = -2*g**3 + 4*g**2 + 2*g - 4. Let c be b(-3). Suppose c = 6*o - 2*o. What is the tens digit of o?
2
Suppose 4*u = -2*t - t + 371, 633 = 5*t + 3*u. What is the units digit of t?
9
Let m = -125 + 221. What is the tens digit of m?
9
Let x(l) = l**3 - l**2 - 2. Let a be x(0). What is the units digit of 7 - 1/2*a?
8
Let j be 6/(-14) - 136/(-7). Let l = -13 + j. What is the units digit of l?
6
Suppose -6 = -4*p + 14. Suppose 0 = 4*j - 2*r + 24, 25 = 5*r + p. Let s = j - -9. What is the units digit of s?
5
What is the units digit of 1415/15 - (-1)/(-3)?
4
Let l = -181 + 275. Suppose 5*x - v = l, 0*x + 2*x - 40 = v. What is the tens digit of 264/27 - (-4)/x?
1
Suppose 42 - 17 = 5*f. Suppose 135 = 5*n + f*p, -26 - 5 = -n - 2*p. What is the tens digit of n?
2
Suppose 2*a + 12 = 4*a. Suppose -4*g + g - 32 = 5*u, 4*g + 3*u = -28. Let x = g + a. What is the units digit of x?
2
Let b(z) = 12*z - 20. What is the hundreds digit of b(12)?
1
Let g be 118/4 - 3/(-6). Let n be 5/g + 1/(-6). Suppose n*i + 74 = 4*a + 2*i, -4*a + i = -71. What is the units digit of a?
8
Let j = -11 + 8. Let c be (-3)/j + 0 + 1. Suppose -c - 2 = -2*f. What is the units digit of f?
2
Suppose 3*z - 7 - 32 = 0. What is the tens digit of z?
1
Let y(w) = -2*w**3 + 2*w**2 + w. Let l be y(2). Let r(p) = p**2 + 7*p + 8. What is the units digit of r(l)?
2
Let g(l) = -l**3 - l**2 + l + 11. What is the units digit of g(0)?
1
Let b(r) = -2*r**3 - 3*r**2 + r - 3. Let h(k) = -k**3 + 5*k**2 - 6*k + 5. Let y be h(4). What is the units digit of b(y)?
1
Let z(q) be the third derivative of -q**5/60 - 5*q**4/12 + q**3/3 + 2*q**2. Let u(h) be the first derivative of z(h). What is the units digit of u(-7)?
4
Let c = -4 + -2. Let n(u) = -4*u - 8. What is the tens digit of n(c)?
1
Let z be -15*(0 + -1)*1. Suppose -b + 4 = -z. What is the units digit of b?
9
Suppose 0 = 4*b + 5*t - 25, -b + 7*t - 2*t = 0. Suppose -r + 3*r + n - 31 = 0, 4*r - b*n = 55. What is the units digit of r?
5
Let o be -2 + 2 + 1 + -1. Suppose -4*f + 0*f + 112 = o. Suppose -7*a = -3*a - f. What is the units digit of a?
7
Let l(r) = -r**3 + 4*r**2 + 5*r + 2. Let d(b) = b**2 - 9*b + 12. Let w be d(8). What is the units digit of l(w)?
2
Let y = 8 + -7. Let f(p) = 27*p**3 - p**2 + p. Let n be f(y). Suppose 0 = 4*u - 17 - n. What is the units digit of u?
1
Let y be (6/7)/((-1)/(-7)). Suppose -y*b = -2*b - 160. What is the units digit of b?
0
Let o be ((-4)/(-10))/(1/10). Suppose 0 = o*h - h - 84. Suppose -r - h = -5*r. What is the units digit of r?
7
Let k = -4 - -5. Let h(s) = -s + s**2 - k + 8 - 3. What is the tens digit of h(3)?
1
Let z(t) = t**2 + 10*t + 11. Let y be z(-8). Let l = 6 + y. Suppose 14 = 5*a - l. What is the units digit of a?
3
Suppose -85 = -0*y + 5*y. Let q = 25 + y. What is the units digit of q?
8
Let i(u) = -u**2 + 5*u - 6. Let k be i(4). Let l = k - 11. Let v = l + 20. What is the units digit of v?
7
Let s = -142 - -252. What is the hundreds digit of s?
1
Let s be (-2)/6 - (-52)/12. What is the units digit of 27 - (-1*s + 1)?
0
Let u(s) = 7*s**2 - 4. Let t(d) = d - 1. Let l(o) = -2*t(o) + u(o). Let k be l(2). Suppose 2*n - k + 4 = 0. What is the units digit of n?
9
Let x(n) = n + 10. Let b be x(-7). Suppose -j + 218 = 2*s + 2*s, 0 = b*s + 5*j - 172. Let a = -38 + s. What is the tens digit of a?
1
Suppose 0*g + 2*g = 40. What is the tens digit of g?
2
Suppose 260 = 4*g - 0*g. What is the units digit of g?
5
Let b(g) = g**2 + 3*g - 4. Let n be b(5). Let r = -8 + 12. Suppose -4*h - 4*s + 10 = -10, 3*h - n = r*s. What is the units digit of h?
8
Let i = 6 + 1. Let x = 0 + -4. Let g = x + i. What is the units digit of g?
3
Let n be (6*1)/((-6)/4). What is the units digit of (-4)/3*6/n?
2
Suppose 7*n + 56 = 2*n + d, -2*n - 5*d - 44 = 0. Let b(f) = 4*f + 6. Let v be b(-4). What is the units digit of n/30 + (-14)/v?
1
Suppose -2*u = 2*h + 18, 0*u = -u + 4*h + 16. Let r = 15 - 9. What is the tens digit of 19/1 - (u + r)?
1
Let a be (20/(-6))/(10/(-15)). Suppose -4*t = 5*h - 205, 4*h + 2*t = -t + 163. Suppose 4 = c - p, -a*c + h = -p - 3. What is the units digit of c?
9
What is the units digit of 36 - (12/(-3) - 0)?
0
Suppose 11*k = 14*k. Suppose k = p - 7*p + 252. What is the tens digit of p?
4
Let j be -1 + 64/(-4)*1. Let o = 39 + j. What is the units digit of o?
2
Suppose 0 = 4*j + w - 567, -3*j + 422 - 3 = 2*w. What is the tens digit of j?
4
Suppose 5*p = -3*s + 5, 0 = 2*p - 3*p + 4*s + 24. Suppose -p*c = -b - 85, 105 = 5*c + b - 2*b. What is the tens digit of c?
2
Let q be (2/(-4) + 1)*0. Let j(g) = 3 + 2 + q*g - 3*g - 4. What is the units digit of j(-2)?
7
Suppose -2*o - 56 = 2*a, 0 = -2*a + 9 - 1. Let y = o + 81. What is the units digit of y?
9
Let r(n) = n**3 + 5*n**2 + 4*n + 3. Let k be r(-4). Let y(b) = b**2 - b - 3. Let z be y(k). Suppose z*q - 4 = 5. What is the units digit of q?
3
Let m = -31 - -55. Suppose -m = a + 3*a. What is the units digit of 1/((-2)/a*3)?
1
Let j(v) = -v**3 + 3*v**2 + 2*v - 3. Suppose -3*r + 15 = 2*r. Let o be j(r). Suppose -39 = -0*i - o*i. What is the units digit of i?
3
Suppose 0 = -2*b - 3*b + 4*s + 16, -2*b - s + 9 = 0. Suppose -3*v - 13 = -b*v. What is the units digit of v?
3
What is the tens digit of (10 - 6) + (39 - -2)?
4
Let g(c) = c**2 - 3*c + 1. What is the tens digit of g(9)?
5
Suppose -4*u = 12, -4*f + 8 = 3*u - 15. Let v = 5 - f. What is the units digit of (-11)/v + (-8)/12?
3
Let c(f) = -5*f + 91. What is the tens digit of c(0)?
9
Suppose 3*m - 3*h - 96 = 0, -5*m = 3*h - 78 - 58. What is the tens digit of m?
2
Suppose 10 = -5*c - 4*q + 97, -2*c + 30 = 4*q. Let o = -3 + c. Let d = -5 + o. What is the units digit of d?
1
Suppose -93 + 13 = -5*u. What is the tens digit of u?
1
Let t = -4 + 9. What is the tens digit of (t + 1)/((-2)/(-4))?
1
Suppose -241 = -3*u + 47. What is the units digit of u?
6
What is the tens digit of (4 + 36/(-8))*0 + 88?
8
Let v(l) = -2*l + 0*l - l + 3. What is the tens digit of v(-7)?
2
Suppose 0 = 5*y + 12 - 52. Suppose 72 = 10*w - y*w. What is the units digit of w?
6
Suppose -4*i = -o + 28 - 4, 0 = -5*i - 10. What is the units digit of o?
6
Let v be -1*3 - (-1 - 0). Let m = 1 - v. Suppose 0 = m*f - 2*f - 11. What is the tens digit of f?
1
Let y be (-2 + (-3)/(-2))*-38. Suppose 0 = 3*b + 3*o - 27, 3*b - 64 = 5*o - 21. Let w = y - b. What is the units digit of w?
8
Let a(x) be the second derivative of -x**3/6 + 3*x**2 - 2*x. Let r be a(3). Suppose -5*q = -r - 47. What is the units digit of q?
0
Suppose 2*m = -3*q + 3, -m - 12 = 4*m + q. Let t be (-1)/(-1) - m/3. Suppose i = -2*s + 18, -29 = -4*s + t*i + 7. What is the units digit of s?
9
Suppose 15 = 2*l + l. Suppose 0 = -a + 3*r - 0*r - 8, 18 = 3*a + l*r. What is the units digit of 26/12 + a/(-6)?
2
Suppose 500 = 3*s - 0*v - 5*v